Let h(i) = -4*i - 3*i**2 + 2*i + 2*i**2 + 4*i**2. Let u be h(2). What is the highest common divisor of x and u?
8
Let j be (10/3)/(6/18). Suppose 133 + 41 = 2*w. Let u = w - -23. Calculate the greatest common factor of u and j.
10
Let d = -3 + 107. What is the greatest common factor of 26 and d?
26
Suppose 58*v + 92 = 59*v. Suppose -4*p = 3*b + 152, -3*b - b = 4*p + 200. Let o = b + v. Calculate the greatest common factor of o and 11.
11
Let o be 25 + 3 + -6 + 3. Suppose -4*l + o + 31 = -5*p, -5*l - p + 99 = 0. What is the greatest common factor of 152 and l?
19
Let g(u) = 3*u**3 - u**2 + 2*u + 2. Let f be g(2). What is the highest common factor of f and 39?
13
Let m = -16 - -40. Let f(j) = 15*j + 1. Let k be f(1). Calculate the highest common divisor of m and k.
8
Let j(r) = -41*r + 24. Let o be j(-6). What is the highest common factor of 30 and o?
30
Suppose -6*h + h = -10. Let t = -5 + h. Let v be (4/(-1))/(t/126). Calculate the highest common factor of 21 and v.
21
Let x(f) = 3*f + 7. Let q be x(7). Suppose -4*p = -0*p - 16. What is the highest common divisor of q and p?
4
Let j = 32 + -8. Calculate the highest common factor of j and 8.
8
Suppose -j - 3*j = -16. Let k(f) = f**3 + 7 + 3 - j*f - f**2 + 9*f**2 + 6*f. Let t be k(-7). What is the greatest common divisor of t and 30?
15
Suppose a - 111 = -5*x, 4*a + 3*x + 0*x = 529. Calculate the highest common factor of 17 and a.
17
Let o(u) = 13*u + 2. Let a be o(2). Suppose 2*v + 4*k = 15 + 13, v - 42 = 5*k. Let m = v - -48. What is the highest common divisor of a and m?
14
Let s = -21 + 32. Suppose 0 = 3*u + 5*c + 7 + 21, -4*c - 38 = 5*u. Let z(l) = -6*l + 8. Let d be z(u). What is the highest common divisor of d and s?
11
Suppose 4*x - 1220 = -4*p, 0 = 3*x + 2*x - 5. Calculate the greatest common factor of 38 and p.
38
Let j = 18 - 12. Let s be 2 - -24 - (-39 - -35). What is the highest common factor of s and j?
6
Suppose -5*s + 575 = 5*n, 2*n + 3*s - 202 - 33 = 0. Let f = -7 + 5. Let i(c) = 3*c**2 + c. Let z be i(f). Calculate the highest common factor of n and z.
10
Let y(z) = -z**3 + 13*z**2 + z - 2. Let m be y(13). Suppose -5*t = -0*t - 15. Suppose -330 = t*b - 6*b. What is the greatest common divisor of b and m?
11
Let j = 3 - 7. Let g be -4 + 4 - j*1. Suppose -4*r + g*t = -216, -t = 5*r - 2*t - 278. Calculate the greatest common divisor of r and 7.
7
Let j = 30 - -35. What is the greatest common divisor of 13 and j?
13
Let l(p) = -p**3 + 8*p**2 - p + 11. Let i be l(8). Let k be (-489)/(-15) - (-4)/10. Calculate the greatest common divisor of i and k.
3
Let j(l) be the third derivative of l**6/120 - l**5/10 + l**4/8 + 4*l**3/3 + 3*l**2. Let c be j(6). What is the greatest common factor of 65 and c?
13
Let y = -2 - -5. Suppose q = y*q + 6. Let w be 2/(q/18*-3). What is the greatest common divisor of w and 2?
2
Let w = 20 - 18. What is the greatest common divisor of w and 22?
2
Let i(a) = -a + 11. Let n be i(-4). Calculate the highest common factor of 15 and n.
15
Let u be 4 - ((-1)/(-6))/(2/12). Calculate the highest common divisor of u and 27.
3
Suppose -165 = -k + 5*a, -k + 3*a + 159 = 4*a. Suppose -m + k = 3*m. What is the greatest common factor of 8 and m?
8
Suppose 0 = -5*w + 3*b + 865, 0 = 2*w - 2*b - 104 - 238. What is the greatest common divisor of w and 16?
16
Let x(f) = -f**2 + f + 2. Let t be x(0). Let p be -3 + 3 + t - 7. Let m = 10 + p. Calculate the highest common divisor of m and 2.
1
Let u(f) be the second derivative of f**4/12 + f**3 - 3*f**2 + f. Let h be u(-8). What is the greatest common divisor of h and 80?
10
Let t(d) = -2*d**2 + 37*d + 23. Let n be t(19). What is the greatest common divisor of n and 18?
2
Let d be (7/2)/(-7 + (-954)/(-136)). Calculate the highest common factor of d and 34.
34
Let w be (-32)/6 - (-1)/3. Suppose -3*p = -0*p - 69. Let f = w + p. What is the highest common factor of 2 and f?
2
Let g(k) = 23*k**2 - k - 2. Let w(i) = 45*i**2 - 3*i - 5. Let c(q) = 5*g(q) - 2*w(q). Let l be c(-2). What is the highest common divisor of 14 and l?
14
Let k = 37 - 31. Calculate the highest common divisor of 6 and k.
6
Let f = -16 + 26. What is the highest common factor of f and 40?
10
Suppose 4*g - 108 = -2*b, b - 2*g - 186 = -2*b. Suppose -7*l = l - 96. What is the greatest common divisor of b and l?
12
Suppose 5*c + 3*d = 8, 0 = 2*c + 3*c - 4*d - 1. What is the highest common divisor of 4 and c?
1
Let h be (10/8)/((-4)/(-80) + 0). What is the greatest common factor of h and 50?
25
Let k(d) = -d - 4*d + 6 - d. Let b be k(-3). What is the highest common factor of b and 4?
4
Let u be ((-3)/(-2))/((-2)/(-12)). What is the highest common factor of u and 9?
9
Suppose 78 = 3*j - 2*r - 56, 4*r = -2*j + 116. What is the highest common divisor of j and 8?
8
Suppose -247 = 3*i + 425. Let l be (i/20)/(2/(-10)). What is the greatest common factor of l and 14?
14
Let s = 71 + 121. Calculate the greatest common factor of 24 and s.
24
Let n be (18/4)/(2/8). Let d be 2/n*3*45. Suppose 30 = 2*r - 3*x, 2*r - 3*r - 5*x + 15 = 0. What is the greatest common factor of d and r?
15
Suppose 4*x + x - 118 = -3*w, -x + 5*w + 46 = 0. What is the greatest common divisor of x and 208?
26
Let r = -43 - -88. What is the highest common factor of r and 18?
9
Let k(n) = -n**3 + 3*n**2 + 2*n + 2. Let j be k(3). Let z be j*(3/3 + 5). What is the highest common factor of z and 12?
12
Suppose -3*a = -12, 2*n + 5*a - 180 = 2*a. What is the highest common divisor of 24 and n?
12
Let d(o) = o**3 + 5*o**2 - 9*o - 5. Let a be -1 + 3 + 8/(-1). Let f be d(a). Calculate the greatest common divisor of f and 13.
13
Suppose -i = -86 - 343. Calculate the highest common factor of 39 and i.
39
Suppose -v + 2 = -0. Suppose 3*x - 153 = -3*w, -3*x + 54 = -2*x + v*w. Calculate the greatest common divisor of 12 and x.
12
Suppose -30 = -7*f + 3*f + 2*w, 5*f + w = 48. Calculate the greatest common factor of f and 36.
9
Suppose -34 = 3*c + r, -11 = -4*c - r - 57. Let s be (-232)/c - 2/(-3). What is the greatest common factor of s and 140?
20
Let o be 2/8 - (-39)/(-12). Let k = 8 + o. Calculate the highest common divisor of 45 and k.
5
Let n = 10 + -6. Let s = n - -27. Suppose -s = -5*l - v, 27 - 8 = 4*l - 5*v. Calculate the greatest common factor of 6 and l.
6
Let f be 5/((-15)/(-63)) + 3. Suppose 4*v + 4*r = 12, -9 = -v + 5*r + f. Let o = -5 - -9. What is the greatest common factor of v and o?
4
Let b be (98/(-4))/(4/(-24)). What is the greatest common divisor of b and 21?
21
Let n(j) = -2*j**3 + 12*j**2 - 2*j + 24. Let z be n(6). Let k(s) = 19*s**2 - s. Let u be k(1). Calculate the greatest common factor of u and z.
6
Let u be -1 + 19 + 0/(-8). What is the greatest common factor of u and 126?
18
Let d = -5 - -5. Let a = 8 + d. Calculate the highest common divisor of 72 and a.
8
Let j = 11 + -6. Let w be 15/6 - 3/6. Suppose -4*l + 113 = 5*f, -w*f + 31 = -f + j*l. Calculate the highest common factor of 147 and f.
21
Let n(z) = 39*z**2 - z. Let f be n(1). Suppose -7*g + 12*g = 475. What is the highest common divisor of g and f?
19
Let d be (20/3)/2*15. Let x = -92 - -112. Calculate the highest common factor of x and d.
10
Suppose v + 3 = -2*f, -2*f = -4*v - 3 - 9. Let z = -1 - v. Suppose 2*y - 5*o = 17, -3*y + 0*y + 13 = 5*o. What is the highest common divisor of y and z?
2
Let w = -7 - 5. Let x = w - -25. Calculate the highest common divisor of 104 and x.
13
Let b(c) = 15*c + 3. Let r be b(-3). Let t = r - -77. Let s(k) = k**3 - 6*k**2 - 6*k + 7. Let h be s(7). What is the highest common factor of t and h?
7
Suppose 0 = 3*v - 5*v + 70. Suppose -5*b = -46 + 11. Calculate the greatest common divisor of v and b.
7
Suppose 5*q = 4*k + k + 200, 4*k = -q + 35. Calculate the greatest common factor of 13 and q.
13
Let l be (16/(-7))/(96/(-336)). Let q = 13 + -5. Calculate the greatest common factor of l and q.
8
Let m = 18 - 7. Suppose -y + m = -31. Calculate the greatest common divisor of y and 28.
14
Suppose -3 = 5*w - 4*y, -w - 9 = -0*w - 5*y. Suppose 0 = -5*z - 3*j + 124, -w = -z + 2*j + 16. Calculate the highest common factor of z and 23.
23
Suppose -6 = -4*k + k. Suppose -3*b = -k*b - 3. Suppose 351 = 2*z + 3*z - f, 0 = 3*f + b. What is the highest common divisor of 28 and z?
14
Let l = 363 - 209. Calculate the hi